 Let w(o) be the first derivative of -9*o**4/4 - 17*o**3/3 - 6*o**2 + 9*o - 23. Let m(a) = -4*b(a) + w(a). Determine m(-7).
-5
Let d(u) = u**2 + 9*u - 21. Let c be d(-11). Let g(f) = -8*f**2 + 2*f**2 - 4*f + 3*f. What is g(c)?
-7
Let a(v) = -v**3 - 11*v**2 - 7*v + 1. Let t(i) = 127*i - 137. Let s be t(1). Calculate a(s).
-29
Let g(f) = -10. Let c(y) = y + 57. Let t(z) = c(z) + 4*g(z). Give t(-13).
4
Suppose -4*l + l - 15 = 0. Let c(d) = -3*d**2 + 14*d - 6. Let q be c(4). Let a(s) = -3*s + 2 - 1 - 7 + q*s. What is a(l)?
-1
Let u(h) = -8. Let c(m) = 55*m - 18. Let p(b) = -37*b + 17. Let v(q) = 2*c(q) + 3*p(q). Let s = 3 + 1. Let k(w) = s*v(w) + 7*u(w). What is k(-5)?
24
Let a(b) be the third derivative of b**6/120 - b**5/20 - b**4/6 + b**3/3 - 689*b**2. Calculate a(4).
2
Let a(s) = -s**2 - 2. Let c(p) be the second derivative of -p**4/4 + 4*p**3/3 + 93*p. Let m(x) = 2*a(x) - c(x). Give m(8).
-4
Let g(s) = s**2 + 179*s + 1204. Let n be g(-7). Let k(r) be the third derivative of r**5/60 - 2*r**3/3 + r**2. Calculate k(n).
-4
Let j(u) = 12*u + 50. Suppose 24*l - 7*l = -2*l - 57. Determine j(l).
14
Let k(n) = n**3 + n**2 - 7. Let r be k(0). Let z(y) be the third derivative of y**6/120 + y**5/10 - 7*y**4/24 - y**3/3 + 3382*y**2. What is z(r)?
-2
Let z(c) = -62*c - 258. Let b be z(-4). Let k(s) = -s**3 - 11*s**2 - 12*s - 3. Determine k(b).
17
Let s(f) = -f**2 - 2*f - 4. Let o = 4781 - 4778. Give s(o).
-19
Let i(y) be the second derivative of 4*y**3/3 - 8*y**2 + 2655*y. Give i(3).
8
Let i be 16/10*25*6/5. Let d = i + -55. Let t(u) = u**3 + 8*u**2 + 5*u + 3. Give t(d).
17
Suppose 42*j = 38*j + 84. Let b = j - 25. Let r be 4/16 + -1*(-17)/b. Let s(n) = -n - 1. What is s(r)?
3
Let o(r) = -5*r**3 - 8*r**2 + 5*r - 10. Let z(x) = -14*x**3 - 23*x**2 + 14*x - 29. Let j(k) = 17*o(k) - 6*z(k). Let q be (-16 + 1139/68)/(2/8). What is j(q)?
-2
Suppose -u + 25 - 15 = 0. Let w(k) = -12*k + 1 + 4*k + u*k + 28*k**2. Let h be -2 - ((-4)/(-4))/((-2)/2). Calculate w(h).
27
Let l = -19040 + 19043. Let f(i) be the second derivative of 0 - 1/6*i**l - 1/12*i**4 - 37*i - 5*i**2. What is f(0)?
-10
Let h(i) = -116 - 2*i**2 + 473 - 118 - 118 - 113. Calculate h(6).
-64
Let c = 21 + -24. Let a(j) be the third derivative of 1/24*j**4 + 1/60*j**5 + 2 + 2/3*j**3 + 0*j + 6*j**2. Give a(c).
10
Suppose 0 = o + 2*g - 33, -8 = -3*g - 23. Suppose -3*r = -2*n - 23 + 7, r = 3*n + 3. Suppose 0 = -r*h + o - 109. Let m(i) = -i**2 - 10*i + 15. Give m(h).
4
Suppose 842*m - 20 = 837*m. Let r be 12*(-6)/(-36)*m/(-2). Let c(h) be the first derivative of -h**2/2 - 1. Determine c(r).
4
Suppose -b - 4*r = 14, -3*r = -5*b + 1 - 71. Let h(f) = 3*f + 32. Calculate h(b).
-10
Let y(m) = -5*m**2 - m + 1. Let h(g) be the first derivative of 7*g**2/2 - 167*g - 155. Let o be h(24). What is y(o)?
-5
Let j = -2024 - -2026. Let h(m) be the third derivative of -1/24*m**4 + j*m**2 - 1/6*m**3 + 0 - 1/60*m**5 + 0*m. Calculate h(0).
-1
Let x be (1*5)/(735/(-2646)). Let f(d) = d**3 + 19*d**2 + 16*d - 25. Give f(x).
11
Let l(y) = y**3 + 53*y**2 + 52*y + 1. Let u be 4*35/336*6*(-312)/15. What is l(u)?
1
Let z = -181 + 229. Let r(t) = -7*t + 53 - 107 + z - t. Give r(-5).
34
Let q(l) = l**2 + l - 29. Suppose 5 - 21 = 4*j + 4*g, -4*g = -j + 11. Let t(p) = -2*p**3 - 3*p**2 - 3*p - 2. Let a be t(j). Calculate q(a).
-29
Let v be 8/12 + 40/(-6). Suppose -2*p = -2*n + 22, -2*n + 2 + 45 = 3*p. Let x(f) = 5 + 0*f**2 - f**3 - 13 + 8*f - 7*f**2 - n*f. Give x(v).
4
Let m(d) = d**3 + 12*d**2 + d + 15. Let u be m(-12). Let l(i) = -i**2 + 2*i + 3. Let y be l(u). Let f(r) = r**2 - r + 10. Give f(y).
10
Suppose -73*n = 73 - 292. Let h(t) = 3*t - 21. Determine h(n).
-12
Suppose 3*c + 4*r + 103 - 53 = 0, -c - 2*r = 22. Let s(z) = 10*z + 10*z**2 + 9 - 2*z**2 + 0*z**3 + z**3. Give s(c).
21
Let l(h) = -h**3 - 74*h**2 - 281*h - 66. Let g be l(-70). Let r(s) be the second derivative of 1/2*s**3 - 1/3*s**4 - s**2 + 0 + 1/20*s**5 + s. Calculate r(g).
10
Let s be (10/(-50))/((19/(-20))/19). Let r(f) = f**3 - 4*f**2 - 3*f - 7. Give r(s).
-19
Let m(o) = 3*o**2 - 37*o - 21. Let d(j) = -214*j - 843. Let y be d(-4). Give m(y).
5
Let b(a) = -a + 4. Let h(r) = 20*r + 120. Let f(q) = 3*q + 19. Let d(l) = -32*f(l) + 5*h(l). Let j(c) = 5*b(c) + 2*d(c). Calculate j(7).
25
Suppose -5*p + 4 = -4*y, 5*y = -2*p + 4*y - 1. Let m(j) = -j**3 + j**2 - 9*j - 2. Let r be m(p). Let w(n) = -n**3 - n + 1. Determine w(r).
11
Let v(r) = r**3 - 9*r**2 + 7*r + 8. Let o = -170 + 175. Let g be 34/o - (-60)/50. Determine v(g).
0
Let k(r) = -16*r + 1. Let f(g) = -g**2 - 143*g + 9. Let h(i) = 2*f(i) - 18*k(i). Calculate h(0).
0
Let b(t) be the second derivative of t**4/12 - 3*t**3/2 + 2*t**2 - 5*t. Let h(u) = 67*u + 343. Let v be h(-5). What is b(v)?
-4
Let i(l) = 6*l**2 + 30*l + 45. Let v be i(-7). Suppose 128*s = v*s + 6. Let x(p) = p**3 + 5*p**2 - 2*p + 4. Give x(s).
-20
Let i(w) = -297*w + 1192. Let o be i(4). Let n(u) be the second derivative of -1/12*u**4 - 4/3*u**3 - o*u**2 + 0 - 2*u. Calculate n(-6).
4
Let p = -18657 - -18665. Let g(x) = x**3 - 10*x**2 + 17*x + 7. Give g(p).
15
Let a(f) = f - 16. Suppose -46*d + 36*d + 600 = 0. Suppose -57*y + d*y - 33 = 0. Give a(y).
-5
Let u(w) be the first derivative of -w**4/4 + w**3 + 3*w**2 - 6*w + 2. Let b(r) = 370*r - 366. Let x be b(1). Determine u(x).
2
Suppose -26*t = -20*t - 12. Let m(d) = -2 + 28*d**2 + 7 + 2*d - 17*d**2 - 12*d**t. Suppose 0 = 3*q + 2 - 14. Give m(q).
-3
Let l(r) be the second derivative of -r**7/420 + r**6/360 - 41*r**4/12 - 7*r + 2. Let a(z) be the third derivative of l(z). Determine a(2).
-20
Let t(j) be the third derivative of -j**6/40 + 7*j**5/15 + 5*j**4/8 + j**3 + 2*j**2 - j + 43. Determine t(10).
-44
Let w(g) = -g**2 + g - 10. Let r = 576 + -571. Give w(r).
-30
Suppose -14*v - 1 = -13*v. Let t(p) = 23*p**2 + 1. Let f be t(v). Let d be f/(-20) + (-2)/(-10). Let i(g) = -9*g**3 + 2*g**2 - 1. Give i(d).
10
Suppose -12*v - 11 + 47 = 0. Let k(b) = -2*b**3 - 3*b**2 - 2*b - 2. Calculate k(v).
-89
Suppose 0 = -80*j + 15*j + 130. Let a(w) = 55*w - 3. Let p(x) = -18*x + 1. Let b(c) = 2*a(c) + 7*p(c). Give b(j).
-31
Let q(d) = 11*d + 1. Suppose 4*b = -5*y + y - 8, 2 = -2*b. Let f be ((y - -3) + 0)*(-1)/(-2). Give q(f).
12
Let j = 214 + -114. Let y = j - 106. Let z(s) = s**2 + s - 8. Give z(y).
22
Let k(h) = -3*h - 3. Let d(q) = 3*q + 22. Let j(b) = -2*b - 16. Let z be j(-16). Suppose 3*r + 2*w + 31 = -4, 0 = 4*r - 5*w + z. Let s be d(r). Give k(s).
12
Let o be (5/(-4))/((-28)/112). Suppose -o*v + 4*x = -74 + 14, 3*x = -3*v + 9. Let z(b) = -b**3 + 9*b**2 - 10*b + 7. Determine z(v).
-9
Let a(i) = i - 7*i**2 + 4*i**2 - 2*i**2 + 6 - 8*i**3 + 6*i**2. Let d(x) = 7*x**3 - x**2 - x - 5. Let p(t) = 6*a(t) + 7*d(t). Let h = 47 + -46. What is p(h)?
0
Suppose -4*a + a - 3 = 0. Let k(p) = 1 + 24*p + 657*p**3 - 651*p**3 - 23*p. Calculate k(a).
-6
Suppose 0 = 4*q - 3*o - 33, 12*q = 13*q + 3*o + 3. Let t(i) = -i**3 + 7*i**2 - 15*i + 41. Determine t(q).
-13
Let v(k) = k**3 + 8*k**2 + 10*k + 4. Suppose -13 = u - 9. Give v(u).
28
Let z = -2023 + 2016. Let g(d) = -d**3 - 6*d**2 + 8*d + 15. Calculate g(z).
8
Let t(w) = w**2 - 5*w - 7. Suppose 3*h - 4*h = -4. Suppose 0 = -2*p + 2*y + 16, -h*p + 10*y - 7*y = -29. Give t(p).
-7
Let g(b) = -b - 5. Let t(p) = -10*p - 2. Let z be t(-1). Suppose 5*j - s = -60, 2*j = 3*s - s - 16. Let q = j + z. Calculate g(q).
0
Let z(r) = -r**3 + 4*r**2 + 2*r + 5. Suppose 0 = 3*l - 4*l + 45. Suppose 0 = -2*n - 3 + 1, -77 = 4*u + 5*n. Let g be 235/l + 4/u. Calculate z(g).
-10
Let o(c) be the third derivative of -c**7/2520 - c**6/720 + c**5/15 - 7*c**4/2 + 25*c**2 - 2*c. Let j(f) be the second derivative of o(f). Calculate j(0).
8
Let n(c) be the third derivative of c**6/120 - 13*c**5/30 + 9*c**4/8 - 9*c**3/2 - c**2 - 2293. What is n(25)?
23
Let k(h) = 275*h - 1653. Let n be k(6). Let b(v) = -20*v - 54. Determine b(n).
6
Let b(m) = -m**2 + 48*m - 36. Let j be b(46). Let d be 3/(-4) - 350/j. Let z(f) = f**2 + 8*f + 1. Give z(d).
-6
Let x(q) be the second derivative of -q**4/12 - 2*q**3/3 - 2*q**2 - q. Suppose -9*m - 180 = -0*m. Let k = 14 + m. Calculate x(k).
-16
Let a(k) = -34 - 270*k + 61 - 32 + 273*k. Give a(-11).
-38
Let x = -784 - -791. Let b(z) = -z - 10*z + 3*z + 0 + 1 + x*z. Calculate b(4).
-3
Let h